{"id":22789,"date":"2026-04-24T13:59:54","date_gmt":"2026-04-24T11:59:54","guid":{"rendered":"https:\/\/www.albergominerva.it\/offerte\/visita-del-palazzo-pubblico\/"},"modified":"2026-04-27T11:55:56","modified_gmt":"2026-04-27T09:55:56","slug":"besuch-des-palazzo-pubblico","status":"publish","type":"offerte","link":"https:\/\/www.albergominerva.it\/de\/sonderangebote\/besuch-des-palazzo-pubblico\/","title":{"rendered":"BESUCH DES PALAZZO PUBBLICO"},"content":{"rendered":"\n<p>Buchen Sie direkt \u00fcber unsere Website einen Aufenthalt von mindestens 3 N\u00e4chten in einem unserer Standard- oder Superior-Doppelzimmer und erhalten Sie zwei Eintrittskarten kostenlos f\u00fcr den Palazzo Pubblico auf der Piazza del Campo. Dort k\u00f6nnen Sie einzigartige Kunstwerke bewundern: die \u201eMaest\u00e0\u201c von Simone Martini oder die Fresken von Ambrogio Lorenzetti, die die Allegorie und Wirkung der guten und schlechten Regierung zeigen. Von der Loggia dei Nove genie\u00dfen Sie einen herrlichen Blick auf die Stadt und die toskanische Landschaft um Siena.<\/p>\n\n\n\n<figure class=\"wp-block-gallery has-nested-images columns-2 is-cropped wp-block-gallery-1 is-layout-flex wp-block-gallery-is-layout-flex\">\n<figure class=\"wp-block-image size-large\"><img loading=\"lazy\" decoding=\"async\" width=\"768\" height=\"1024\" data-id=\"22656\" src=\"https:\/\/www.albergominerva.it\/wp-content\/uploads\/2026\/04\/palazzo-pubblico-siena-2-768x1024.webp\" alt=\"\" class=\"wp-image-22656\" srcset=\"https:\/\/www.albergominerva.it\/wp-content\/uploads\/2026\/04\/palazzo-pubblico-siena-2-768x1024.webp 768w, https:\/\/www.albergominerva.it\/wp-content\/uploads\/2026\/04\/palazzo-pubblico-siena-2-225x300.webp 225w, https:\/\/www.albergominerva.it\/wp-content\/uploads\/2026\/04\/palazzo-pubblico-siena-2-1152x1536.webp 1152w, https:\/\/www.albergominerva.it\/wp-content\/uploads\/2026\/04\/palazzo-pubblico-siena-2.webp 1300w\" sizes=\"auto, (max-width: 768px) 100vw, 768px\" \/><\/figure>\n\n\n\n<figure class=\"wp-block-image size-full\"><img loading=\"lazy\" decoding=\"async\" width=\"1300\" height=\"1734\" data-id=\"22667\" src=\"https:\/\/www.albergominerva.it\/wp-content\/uploads\/2026\/04\/palazzo-pubblico-siena-3.webp\" alt=\"\" class=\"wp-image-22667\" srcset=\"https:\/\/www.albergominerva.it\/wp-content\/uploads\/2026\/04\/palazzo-pubblico-siena-3.webp 1300w, https:\/\/www.albergominerva.it\/wp-content\/uploads\/2026\/04\/palazzo-pubblico-siena-3-225x300.webp 225w, https:\/\/www.albergominerva.it\/wp-content\/uploads\/2026\/04\/palazzo-pubblico-siena-3-768x1024.webp 768w, https:\/\/www.albergominerva.it\/wp-content\/uploads\/2026\/04\/palazzo-pubblico-siena-3-1152x1536.webp 1152w\" sizes=\"auto, (max-width: 1300px) 100vw, 1300px\" \/><\/figure>\n\n\n\n<figure class=\"wp-block-image size-full\"><img loading=\"lazy\" decoding=\"async\" width=\"1300\" height=\"1733\" data-id=\"22689\" src=\"https:\/\/www.albergominerva.it\/wp-content\/uploads\/2026\/04\/palazzo-pubblico-siena-5.webp\" alt=\"\" class=\"wp-image-22689\" srcset=\"https:\/\/www.albergominerva.it\/wp-content\/uploads\/2026\/04\/palazzo-pubblico-siena-5.webp 1300w, https:\/\/www.albergominerva.it\/wp-content\/uploads\/2026\/04\/palazzo-pubblico-siena-5-225x300.webp 225w, https:\/\/www.albergominerva.it\/wp-content\/uploads\/2026\/04\/palazzo-pubblico-siena-5-768x1024.webp 768w, https:\/\/www.albergominerva.it\/wp-content\/uploads\/2026\/04\/palazzo-pubblico-siena-5-1152x1536.webp 1152w\" sizes=\"auto, (max-width: 1300px) 100vw, 1300px\" \/><\/figure>\n\n\n\n<figure class=\"wp-block-image size-full\"><img loading=\"lazy\" decoding=\"async\" width=\"1300\" height=\"1373\" data-id=\"22678\" src=\"https:\/\/www.albergominerva.it\/wp-content\/uploads\/2026\/04\/palazzo-pubblico-siena-4.webp\" alt=\"\" class=\"wp-image-22678\" srcset=\"https:\/\/www.albergominerva.it\/wp-content\/uploads\/2026\/04\/palazzo-pubblico-siena-4.webp 1300w, https:\/\/www.albergominerva.it\/wp-content\/uploads\/2026\/04\/palazzo-pubblico-siena-4-284x300.webp 284w, https:\/\/www.albergominerva.it\/wp-content\/uploads\/2026\/04\/palazzo-pubblico-siena-4-970x1024.webp 970w, https:\/\/www.albergominerva.it\/wp-content\/uploads\/2026\/04\/palazzo-pubblico-siena-4-768x811.webp 768w\" sizes=\"auto, (max-width: 1300px) 100vw, 1300px\" \/><\/figure>\n<\/figure>\n","protected":false},"featured_media":22703,"template":"","class_list":["post-22789","offerte","type-offerte","status-publish","has-post-thumbnail","hentry"],"acf":[],"yoast_head":"<!-- This site is optimized with the Yoast SEO plugin v27.4 - https:\/\/yoast.com\/product\/yoast-seo-wordpress\/ -->\n<title>BESUCH DES PALAZZO PUBBLICO - Hotel Minerva Siena<\/title>\n<meta name=\"robots\" content=\"index, follow, max-snippet:-1, max-image-preview:large, max-video-preview:-1\" \/>\n<link rel=\"canonical\" href=\"https:\/\/www.albergominerva.it\/de\/sonderangebote\/besuch-des-palazzo-pubblico\/\" \/>\n<meta property=\"og:locale\" content=\"de_DE\" \/>\n<meta property=\"og:type\" content=\"article\" \/>\n<meta property=\"og:title\" content=\"BESUCH DES PALAZZO PUBBLICO - Hotel Minerva Siena\" \/>\n<meta property=\"og:description\" content=\"Buchen Sie direkt \u00fcber unsere Website einen Aufenthalt von mindestens 3 N\u00e4chten in einem unserer Standard- oder Superior-Doppelzimmer und erhalten\" \/>\n<meta property=\"og:url\" content=\"https:\/\/www.albergominerva.it\/de\/sonderangebote\/besuch-des-palazzo-pubblico\/\" \/>\n<meta property=\"og:site_name\" content=\"Hotel Minerva Siena\" \/>\n<meta property=\"article:modified_time\" content=\"2026-04-27T09:55:56+00:00\" \/>\n<meta property=\"og:image\" content=\"https:\/\/www.albergominerva.it\/wp-content\/uploads\/2026\/04\/palazzo-pubblico-siena.webp\" \/>\n\t<meta property=\"og:image:width\" content=\"2000\" \/>\n\t<meta property=\"og:image:height\" content=\"1574\" \/>\n\t<meta property=\"og:image:type\" content=\"image\/webp\" \/>\n<meta name=\"twitter:card\" content=\"summary_large_image\" \/>\n<meta name=\"twitter:label1\" content=\"Gesch\u00e4tzte Lesezeit\" \/>\n\t<meta name=\"twitter:data1\" content=\"2\u00a0Minuten\" \/>\n<script type=\"application\/ld+json\" class=\"yoast-schema-graph\">{\"@context\":\"https:\\\/\\\/schema.org\",\"@graph\":[{\"@type\":\"WebPage\",\"@id\":\"https:\\\/\\\/www.albergominerva.it\\\/de\\\/sonderangebote\\\/besuch-des-palazzo-pubblico\\\/\",\"url\":\"https:\\\/\\\/www.albergominerva.it\\\/de\\\/sonderangebote\\\/besuch-des-palazzo-pubblico\\\/\",\"name\":\"BESUCH DES PALAZZO PUBBLICO - Hotel Minerva Siena\",\"isPartOf\":{\"@id\":\"https:\\\/\\\/www.albergominerva.it\\\/de\\\/#website\"},\"primaryImageOfPage\":{\"@id\":\"https:\\\/\\\/www.albergominerva.it\\\/de\\\/sonderangebote\\\/besuch-des-palazzo-pubblico\\\/#primaryimage\"},\"image\":{\"@id\":\"https:\\\/\\\/www.albergominerva.it\\\/de\\\/sonderangebote\\\/besuch-des-palazzo-pubblico\\\/#primaryimage\"},\"thumbnailUrl\":\"https:\\\/\\\/www.albergominerva.it\\\/wp-content\\\/uploads\\\/2026\\\/04\\\/palazzo-pubblico-siena.webp\",\"datePublished\":\"2026-04-24T11:59:54+00:00\",\"dateModified\":\"2026-04-27T09:55:56+00:00\",\"breadcrumb\":{\"@id\":\"https:\\\/\\\/www.albergominerva.it\\\/de\\\/sonderangebote\\\/besuch-des-palazzo-pubblico\\\/#breadcrumb\"},\"inLanguage\":\"de\",\"potentialAction\":[{\"@type\":\"ReadAction\",\"target\":[\"https:\\\/\\\/www.albergominerva.it\\\/de\\\/sonderangebote\\\/besuch-des-palazzo-pubblico\\\/\"]}]},{\"@type\":\"ImageObject\",\"inLanguage\":\"de\",\"@id\":\"https:\\\/\\\/www.albergominerva.it\\\/de\\\/sonderangebote\\\/besuch-des-palazzo-pubblico\\\/#primaryimage\",\"url\":\"https:\\\/\\\/www.albergominerva.it\\\/wp-content\\\/uploads\\\/2026\\\/04\\\/palazzo-pubblico-siena.webp\",\"contentUrl\":\"https:\\\/\\\/www.albergominerva.it\\\/wp-content\\\/uploads\\\/2026\\\/04\\\/palazzo-pubblico-siena.webp\",\"width\":2000,\"height\":1574},{\"@type\":\"BreadcrumbList\",\"@id\":\"https:\\\/\\\/www.albergominerva.it\\\/de\\\/sonderangebote\\\/besuch-des-palazzo-pubblico\\\/#breadcrumb\",\"itemListElement\":[{\"@type\":\"ListItem\",\"position\":1,\"name\":\"Home\",\"item\":\"https:\\\/\\\/www.albergominerva.it\\\/de\\\/\"},{\"@type\":\"ListItem\",\"position\":2,\"name\":\"BESUCH DES PALAZZO PUBBLICO\"}]},{\"@type\":\"WebSite\",\"@id\":\"https:\\\/\\\/www.albergominerva.it\\\/de\\\/#website\",\"url\":\"https:\\\/\\\/www.albergominerva.it\\\/de\\\/\",\"name\":\"Hotel Minerva Siena\",\"description\":\"Hotel in Centro Storico a Siena - Toscana - Italy\",\"potentialAction\":[{\"@type\":\"SearchAction\",\"target\":{\"@type\":\"EntryPoint\",\"urlTemplate\":\"https:\\\/\\\/www.albergominerva.it\\\/de\\\/?s={search_term_string}\"},\"query-input\":{\"@type\":\"PropertyValueSpecification\",\"valueRequired\":true,\"valueName\":\"search_term_string\"}}],\"inLanguage\":\"de\"}]}<\/script>\n<!-- \/ Yoast SEO plugin. -->","yoast_head_json":{"title":"BESUCH DES PALAZZO PUBBLICO - Hotel Minerva Siena","robots":{"index":"index","follow":"follow","max-snippet":"max-snippet:-1","max-image-preview":"max-image-preview:large","max-video-preview":"max-video-preview:-1"},"canonical":"https:\/\/www.albergominerva.it\/de\/sonderangebote\/besuch-des-palazzo-pubblico\/","og_locale":"de_DE","og_type":"article","og_title":"BESUCH DES PALAZZO PUBBLICO - Hotel Minerva Siena","og_description":"Buchen Sie direkt \u00fcber unsere Website einen Aufenthalt von mindestens 3 N\u00e4chten in einem unserer Standard- oder Superior-Doppelzimmer und erhalten","og_url":"https:\/\/www.albergominerva.it\/de\/sonderangebote\/besuch-des-palazzo-pubblico\/","og_site_name":"Hotel Minerva Siena","article_modified_time":"2026-04-27T09:55:56+00:00","og_image":[{"width":2000,"height":1574,"url":"https:\/\/www.albergominerva.it\/wp-content\/uploads\/2026\/04\/palazzo-pubblico-siena.webp","type":"image\/webp"}],"twitter_card":"summary_large_image","twitter_misc":{"Gesch\u00e4tzte Lesezeit":"2\u00a0Minuten"},"schema":{"@context":"https:\/\/schema.org","@graph":[{"@type":"WebPage","@id":"https:\/\/www.albergominerva.it\/de\/sonderangebote\/besuch-des-palazzo-pubblico\/","url":"https:\/\/www.albergominerva.it\/de\/sonderangebote\/besuch-des-palazzo-pubblico\/","name":"BESUCH DES PALAZZO PUBBLICO - Hotel Minerva Siena","isPartOf":{"@id":"https:\/\/www.albergominerva.it\/de\/#website"},"primaryImageOfPage":{"@id":"https:\/\/www.albergominerva.it\/de\/sonderangebote\/besuch-des-palazzo-pubblico\/#primaryimage"},"image":{"@id":"https:\/\/www.albergominerva.it\/de\/sonderangebote\/besuch-des-palazzo-pubblico\/#primaryimage"},"thumbnailUrl":"https:\/\/www.albergominerva.it\/wp-content\/uploads\/2026\/04\/palazzo-pubblico-siena.webp","datePublished":"2026-04-24T11:59:54+00:00","dateModified":"2026-04-27T09:55:56+00:00","breadcrumb":{"@id":"https:\/\/www.albergominerva.it\/de\/sonderangebote\/besuch-des-palazzo-pubblico\/#breadcrumb"},"inLanguage":"de","potentialAction":[{"@type":"ReadAction","target":["https:\/\/www.albergominerva.it\/de\/sonderangebote\/besuch-des-palazzo-pubblico\/"]}]},{"@type":"ImageObject","inLanguage":"de","@id":"https:\/\/www.albergominerva.it\/de\/sonderangebote\/besuch-des-palazzo-pubblico\/#primaryimage","url":"https:\/\/www.albergominerva.it\/wp-content\/uploads\/2026\/04\/palazzo-pubblico-siena.webp","contentUrl":"https:\/\/www.albergominerva.it\/wp-content\/uploads\/2026\/04\/palazzo-pubblico-siena.webp","width":2000,"height":1574},{"@type":"BreadcrumbList","@id":"https:\/\/www.albergominerva.it\/de\/sonderangebote\/besuch-des-palazzo-pubblico\/#breadcrumb","itemListElement":[{"@type":"ListItem","position":1,"name":"Home","item":"https:\/\/www.albergominerva.it\/de\/"},{"@type":"ListItem","position":2,"name":"BESUCH DES PALAZZO PUBBLICO"}]},{"@type":"WebSite","@id":"https:\/\/www.albergominerva.it\/de\/#website","url":"https:\/\/www.albergominerva.it\/de\/","name":"Hotel Minerva Siena","description":"Hotel in Centro Storico a Siena - Toscana - Italy","potentialAction":[{"@type":"SearchAction","target":{"@type":"EntryPoint","urlTemplate":"https:\/\/www.albergominerva.it\/de\/?s={search_term_string}"},"query-input":{"@type":"PropertyValueSpecification","valueRequired":true,"valueName":"search_term_string"}}],"inLanguage":"de"}]}},"_links":{"self":[{"href":"https:\/\/www.albergominerva.it\/de\/wp-json\/wp\/v2\/offerte\/22789","targetHints":{"allow":["GET"]}}],"collection":[{"href":"https:\/\/www.albergominerva.it\/de\/wp-json\/wp\/v2\/offerte"}],"about":[{"href":"https:\/\/www.albergominerva.it\/de\/wp-json\/wp\/v2\/types\/offerte"}],"wp:featuredmedia":[{"embeddable":true,"href":"https:\/\/www.albergominerva.it\/de\/wp-json\/wp\/v2\/media\/22703"}],"wp:attachment":[{"href":"https:\/\/www.albergominerva.it\/de\/wp-json\/wp\/v2\/media?parent=22789"}],"curies":[{"name":"wp","href":"https:\/\/api.w.org\/{rel}","templated":true}]}}

<p>Buchen Sie direkt über unsere Website einen Aufenthalt von mindestens 3 Nächten in einem unserer Standard- oder Superior-Doppelzimmer und erhalten Sie zwei Eintrittskarten kostenlos für den Palazzo Pubblico auf der Piazza del Campo. Dort können Sie einzigartige Kunstwerke bewundern: die „Maestà“ von Simone Martini oder die Fresken von Ambrogio Lorenzetti, die die Allegorie und Wirkung der guten und schlechten Regierung zeigen. Von der Loggia dei Nove genießen Sie einen herrlichen Blick auf die Stadt und die toskanische Landschaft um Siena.</p>



<figure class="wp-block-gallery has-nested-images columns-2 is-cropped wp-block-gallery-1 is-layout-flex wp-block-gallery-is-layout-flex">
<figure class="wp-block-image size-large"><img loading="lazy" decoding="async" width="768" height="1024" data-id="22656" src="https://www.albergominerva.it/wp-content/uploads/2026/04/palazzo-pubblico-siena-2-768x1024.webp" alt="" class="wp-image-22656" srcset="https://www.albergominerva.it/wp-content/uploads/2026/04/palazzo-pubblico-siena-2-768x1024.webp 768w, https://www.albergominerva.it/wp-content/uploads/2026/04/palazzo-pubblico-siena-2-225x300.webp 225w, https://www.albergominerva.it/wp-content/uploads/2026/04/palazzo-pubblico-siena-2-1152x1536.webp 1152w, https://www.albergominerva.it/wp-content/uploads/2026/04/palazzo-pubblico-siena-2.webp 1300w" sizes="auto, (max-width: 768px) 100vw, 768px" /></figure>



<figure class="wp-block-image size-full"><img loading="lazy" decoding="async" width="1300" height="1734" data-id="22667" src="https://www.albergominerva.it/wp-content/uploads/2026/04/palazzo-pubblico-siena-3.webp" alt="" class="wp-image-22667" srcset="https://www.albergominerva.it/wp-content/uploads/2026/04/palazzo-pubblico-siena-3.webp 1300w, https://www.albergominerva.it/wp-content/uploads/2026/04/palazzo-pubblico-siena-3-225x300.webp 225w, https://www.albergominerva.it/wp-content/uploads/2026/04/palazzo-pubblico-siena-3-768x1024.webp 768w, https://www.albergominerva.it/wp-content/uploads/2026/04/palazzo-pubblico-siena-3-1152x1536.webp 1152w" sizes="auto, (max-width: 1300px) 100vw, 1300px" /></figure>



<figure class="wp-block-image size-full"><img loading="lazy" decoding="async" width="1300" height="1733" data-id="22689" src="https://www.albergominerva.it/wp-content/uploads/2026/04/palazzo-pubblico-siena-5.webp" alt="" class="wp-image-22689" srcset="https://www.albergominerva.it/wp-content/uploads/2026/04/palazzo-pubblico-siena-5.webp 1300w, https://www.albergominerva.it/wp-content/uploads/2026/04/palazzo-pubblico-siena-5-225x300.webp 225w, https://www.albergominerva.it/wp-content/uploads/2026/04/palazzo-pubblico-siena-5-768x1024.webp 768w, https://www.albergominerva.it/wp-content/uploads/2026/04/palazzo-pubblico-siena-5-1152x1536.webp 1152w" sizes="auto, (max-width: 1300px) 100vw, 1300px" /></figure>



<figure class="wp-block-image size-full"><img loading="lazy" decoding="async" width="1300" height="1373" data-id="22678" src="https://www.albergominerva.it/wp-content/uploads/2026/04/palazzo-pubblico-siena-4.webp" alt="" class="wp-image-22678" srcset="https://www.albergominerva.it/wp-content/uploads/2026/04/palazzo-pubblico-siena-4.webp 1300w, https://www.albergominerva.it/wp-content/uploads/2026/04/palazzo-pubblico-siena-4-284x300.webp 284w, https://www.albergominerva.it/wp-content/uploads/2026/04/palazzo-pubblico-siena-4-970x1024.webp 970w, https://www.albergominerva.it/wp-content/uploads/2026/04/palazzo-pubblico-siena-4-768x811.webp 768w" sizes="auto, (max-width: 1300px) 100vw, 1300px" /></figure>
</figure>

<!-- This site is optimized with the Yoast SEO plugin v27.4 - https://yoast.com/product/yoast-seo-wordpress/ -->
<title>BESUCH DES PALAZZO PUBBLICO - Hotel Minerva Siena</title>
<meta name="robots" content="index, follow, max-snippet:-1, max-image-preview:large, max-video-preview:-1" />
<link rel="canonical" href="https://www.albergominerva.it/de/sonderangebote/besuch-des-palazzo-pubblico/" />
<meta property="og:locale" content="de_DE" />
<meta property="og:type" content="article" />
<meta property="og:title" content="BESUCH DES PALAZZO PUBBLICO - Hotel Minerva Siena" />
<meta property="og:description" content="Buchen Sie direkt über unsere Website einen Aufenthalt von mindestens 3 Nächten in einem unserer Standard- oder Superior-Doppelzimmer und erhalten" />
<meta property="og:url" content="https://www.albergominerva.it/de/sonderangebote/besuch-des-palazzo-pubblico/" />
<meta property="og:site_name" content="Hotel Minerva Siena" />
<meta property="article:modified_time" content="2026-04-27T09:55:56+00:00" />
<meta property="og:image" content="https://www.albergominerva.it/wp-content/uploads/2026/04/palazzo-pubblico-siena.webp" />
	<meta property="og:image:width" content="2000" />
	<meta property="og:image:height" content="1574" />
	<meta property="og:image:type" content="image/webp" />
<meta name="twitter:card" content="summary_large_image" />
<meta name="twitter:label1" content="Geschätzte Lesezeit" />
	<meta name="twitter:data1" content="2 Minuten" />
<script type="application/ld+json" class="yoast-schema-graph">{"@context":"https:\/\/schema.org","@graph":[{"@type":"WebPage","@id":"https:\/\/www.albergominerva.it\/de\/sonderangebote\/besuch-des-palazzo-pubblico\/","url":"https:\/\/www.albergominerva.it\/de\/sonderangebote\/besuch-des-palazzo-pubblico\/","name":"BESUCH DES PALAZZO PUBBLICO - Hotel Minerva Siena","isPartOf":{"@id":"https:\/\/www.albergominerva.it\/de\/#website"},"primaryImageOfPage":{"@id":"https:\/\/www.albergominerva.it\/de\/sonderangebote\/besuch-des-palazzo-pubblico\/#primaryimage"},"image":{"@id":"https:\/\/www.albergominerva.it\/de\/sonderangebote\/besuch-des-palazzo-pubblico\/#primaryimage"},"thumbnailUrl":"https:\/\/www.albergominerva.it\/wp-content\/uploads\/2026\/04\/palazzo-pubblico-siena.webp","datePublished":"2026-04-24T11:59:54+00:00","dateModified":"2026-04-27T09:55:56+00:00","breadcrumb":{"@id":"https:\/\/www.albergominerva.it\/de\/sonderangebote\/besuch-des-palazzo-pubblico\/#breadcrumb"},"inLanguage":"de","potentialAction":[{"@type":"ReadAction","target":["https:\/\/www.albergominerva.it\/de\/sonderangebote\/besuch-des-palazzo-pubblico\/"]}]},{"@type":"ImageObject","inLanguage":"de","@id":"https:\/\/www.albergominerva.it\/de\/sonderangebote\/besuch-des-palazzo-pubblico\/#primaryimage","url":"https:\/\/www.albergominerva.it\/wp-content\/uploads\/2026\/04\/palazzo-pubblico-siena.webp","contentUrl":"https:\/\/www.albergominerva.it\/wp-content\/uploads\/2026\/04\/palazzo-pubblico-siena.webp","width":2000,"height":1574},{"@type":"BreadcrumbList","@id":"https:\/\/www.albergominerva.it\/de\/sonderangebote\/besuch-des-palazzo-pubblico\/#breadcrumb","itemListElement":[{"@type":"ListItem","position":1,"name":"Home","item":"https:\/\/www.albergominerva.it\/de\/"},{"@type":"ListItem","position":2,"name":"BESUCH DES PALAZZO PUBBLICO"}]},{"@type":"WebSite","@id":"https:\/\/www.albergominerva.it\/de\/#website","url":"https:\/\/www.albergominerva.it\/de\/","name":"Hotel Minerva Siena","description":"Hotel in Centro Storico a Siena - Toscana - Italy","potentialAction":[{"@type":"SearchAction","target":{"@type":"EntryPoint","urlTemplate":"https:\/\/www.albergominerva.it\/de\/?s={search_term_string}"},"query-input":{"@type":"PropertyValueSpecification","valueRequired":true,"valueName":"search_term_string"}}],"inLanguage":"de"}]}</script>
<!-- / Yoast SEO plugin. -->

Buchen Sie direkt über unsere Website einen Aufenthalt von mindestens 3 Nächten in einem unserer Standard- oder Superior-Doppelzimmer und erhalten
