{"id":11280,"date":"2023-08-20T10:18:22","date_gmt":"2023-08-20T08:18:22","guid":{"rendered":"https:\/\/www.albergominerva.it\/?page_id=11280"},"modified":"2023-08-20T10:18:23","modified_gmt":"2023-08-20T08:18:23","slug":"la-contrada-del-dragon","status":"publish","type":"page","link":"https:\/\/www.albergominerva.it\/es\/la-contrada-del-dragon\/","title":{"rendered":"La Contrada del Drag\u00f3n"},"content":{"rendered":"\n<p>La Contrada del Drag\u00f3n es una de las diecisiete contradas de Siena, ubicada en el Terzo di Camollia. Su emblema es un drag\u00f3n coronado a la antigua, con alas desplegadas, sosteniendo en su garra derecha un estandarte azul con la letra U en dorado, coronado por una corona real (Umberto I de Italia). Sus colores son rosa antiguo y verde, rayados de amarillo. El lema de la contrada es \u00abEl coraz\u00f3n que arde en m\u00ed se convierte en llama en mi boca\u00bb.<\/p>\n\n\n\n<figure class=\"wp-block-image size-full\"><img loading=\"lazy\" decoding=\"async\" width=\"696\" height=\"699\" src=\"https:\/\/www.albergominerva.it\/wp-content\/uploads\/2023\/08\/drago.jpg\" alt=\"\" class=\"wp-image-11052\" srcset=\"https:\/\/www.albergominerva.it\/wp-content\/uploads\/2023\/08\/drago.jpg 696w, https:\/\/www.albergominerva.it\/wp-content\/uploads\/2023\/08\/drago-300x300.jpg 300w, https:\/\/www.albergominerva.it\/wp-content\/uploads\/2023\/08\/drago-150x150.jpg 150w\" sizes=\"auto, (max-width: 696px) 100vw, 696px\" \/><\/figure>\n\n\n\n<p>La contrada ostenta el t\u00edtulo de \u00abDrag\u00f3n\u00bb por haber sido sede de la primera reuni\u00f3n del Magistrato delle Contrade. Su Terzo de pertenencia es Camollia. Las compa\u00f1\u00edas militares asociadas a la contrada son San Donato ai Montanini y Sant&#8217;Egidio. La contrada aliada del drag\u00f3n es \u00c1guila. El patr\u00f3n de la contrada es Santa Catalina de Siena, y la celebraci\u00f3n titular se lleva a cabo el \u00faltimo domingo de mayo. La corporaci\u00f3n de la contrada es la de los banqueros.<\/p>\n\n\n\n<p>La Contrada del Drag\u00f3n es una de las contradas m\u00e1s antiguas de Siena, con una historia larga y rica. La contrada es profundamente valorada por sus contradaioli (miembros de la contrada), que siempre est\u00e1n listos para apoyarla en sus carreras en el Palio.<\/p>\n","protected":false},"excerpt":{"rendered":"<p>La Contrada del Drag\u00f3n es una de las diecisiete contradas de Siena, ubicada en el Terzo di Camollia. Su emblema<\/p>\n","protected":false},"author":3,"featured_media":0,"parent":0,"menu_order":0,"comment_status":"closed","ping_status":"closed","template":"","meta":{"_acf_changed":false,"footnotes":""},"class_list":["post-11280","page","type-page","status-publish","hentry"],"acf":[],"yoast_head":"<!-- This site is optimized with the Yoast SEO plugin v27.4 - https:\/\/yoast.com\/product\/yoast-seo-wordpress\/ -->\n<title>La Contrada del Drag\u00f3n - Hotel Minerva Siena<\/title>\n<meta name=\"robots\" content=\"index, follow, max-snippet:-1, max-image-preview:large, max-video-preview:-1\" \/>\n<link rel=\"canonical\" href=\"https:\/\/www.albergominerva.it\/es\/la-contrada-del-dragon\/\" \/>\n<meta property=\"og:locale\" content=\"es_ES\" \/>\n<meta property=\"og:type\" content=\"article\" \/>\n<meta property=\"og:title\" content=\"La Contrada del Drag\u00f3n - Hotel Minerva Siena\" \/>\n<meta property=\"og:description\" content=\"La Contrada del Drag\u00f3n es una de las diecisiete contradas de Siena, ubicada en el Terzo di Camollia. Su emblema\" \/>\n<meta property=\"og:url\" content=\"https:\/\/www.albergominerva.it\/es\/la-contrada-del-dragon\/\" \/>\n<meta property=\"og:site_name\" content=\"Hotel Minerva Siena\" \/>\n<meta property=\"article:modified_time\" content=\"2023-08-20T08:18:23+00:00\" \/>\n<meta property=\"og:image\" content=\"https:\/\/www.albergominerva.it\/wp-content\/uploads\/2023\/08\/drago.jpg\" \/>\n<meta name=\"twitter:card\" content=\"summary_large_image\" \/>\n<meta name=\"twitter:label1\" content=\"Tiempo de lectura\" \/>\n\t<meta name=\"twitter:data1\" content=\"2 minutos\" \/>\n<script type=\"application\/ld+json\" class=\"yoast-schema-graph\">{\"@context\":\"https:\\\/\\\/schema.org\",\"@graph\":[{\"@type\":\"WebPage\",\"@id\":\"https:\\\/\\\/www.albergominerva.it\\\/es\\\/la-contrada-del-dragon\\\/\",\"url\":\"https:\\\/\\\/www.albergominerva.it\\\/es\\\/la-contrada-del-dragon\\\/\",\"name\":\"La Contrada del Drag\u00f3n - Hotel Minerva Siena\",\"isPartOf\":{\"@id\":\"https:\\\/\\\/www.albergominerva.it\\\/es\\\/#website\"},\"primaryImageOfPage\":{\"@id\":\"https:\\\/\\\/www.albergominerva.it\\\/es\\\/la-contrada-del-dragon\\\/#primaryimage\"},\"image\":{\"@id\":\"https:\\\/\\\/www.albergominerva.it\\\/es\\\/la-contrada-del-dragon\\\/#primaryimage\"},\"thumbnailUrl\":\"https:\\\/\\\/www.albergominerva.it\\\/wp-content\\\/uploads\\\/2023\\\/08\\\/drago.jpg\",\"datePublished\":\"2023-08-20T08:18:22+00:00\",\"dateModified\":\"2023-08-20T08:18:23+00:00\",\"breadcrumb\":{\"@id\":\"https:\\\/\\\/www.albergominerva.it\\\/es\\\/la-contrada-del-dragon\\\/#breadcrumb\"},\"inLanguage\":\"es\",\"potentialAction\":[{\"@type\":\"ReadAction\",\"target\":[\"https:\\\/\\\/www.albergominerva.it\\\/es\\\/la-contrada-del-dragon\\\/\"]}]},{\"@type\":\"ImageObject\",\"inLanguage\":\"es\",\"@id\":\"https:\\\/\\\/www.albergominerva.it\\\/es\\\/la-contrada-del-dragon\\\/#primaryimage\",\"url\":\"https:\\\/\\\/www.albergominerva.it\\\/wp-content\\\/uploads\\\/2023\\\/08\\\/drago.jpg\",\"contentUrl\":\"https:\\\/\\\/www.albergominerva.it\\\/wp-content\\\/uploads\\\/2023\\\/08\\\/drago.jpg\"},{\"@type\":\"BreadcrumbList\",\"@id\":\"https:\\\/\\\/www.albergominerva.it\\\/es\\\/la-contrada-del-dragon\\\/#breadcrumb\",\"itemListElement\":[{\"@type\":\"ListItem\",\"position\":1,\"name\":\"Home\",\"item\":\"https:\\\/\\\/www.albergominerva.it\\\/es\\\/\"},{\"@type\":\"ListItem\",\"position\":2,\"name\":\"La Contrada del Drag\u00f3n\"}]},{\"@type\":\"WebSite\",\"@id\":\"https:\\\/\\\/www.albergominerva.it\\\/es\\\/#website\",\"url\":\"https:\\\/\\\/www.albergominerva.it\\\/es\\\/\",\"name\":\"Hotel Minerva Siena\",\"description\":\"Hotel in Centro Storico a Siena - Toscana - Italy\",\"potentialAction\":[{\"@type\":\"SearchAction\",\"target\":{\"@type\":\"EntryPoint\",\"urlTemplate\":\"https:\\\/\\\/www.albergominerva.it\\\/es\\\/?s={search_term_string}\"},\"query-input\":{\"@type\":\"PropertyValueSpecification\",\"valueRequired\":true,\"valueName\":\"search_term_string\"}}],\"inLanguage\":\"es\"}]}<\/script>\n<!-- \/ Yoast SEO plugin. -->","yoast_head_json":{"title":"La Contrada del Drag\u00f3n - Hotel Minerva Siena","robots":{"index":"index","follow":"follow","max-snippet":"max-snippet:-1","max-image-preview":"max-image-preview:large","max-video-preview":"max-video-preview:-1"},"canonical":"https:\/\/www.albergominerva.it\/es\/la-contrada-del-dragon\/","og_locale":"es_ES","og_type":"article","og_title":"La Contrada del Drag\u00f3n - Hotel Minerva Siena","og_description":"La Contrada del Drag\u00f3n es una de las diecisiete contradas de Siena, ubicada en el Terzo di Camollia. Su emblema","og_url":"https:\/\/www.albergominerva.it\/es\/la-contrada-del-dragon\/","og_site_name":"Hotel Minerva Siena","article_modified_time":"2023-08-20T08:18:23+00:00","og_image":[{"url":"https:\/\/www.albergominerva.it\/wp-content\/uploads\/2023\/08\/drago.jpg","type":"","width":"","height":""}],"twitter_card":"summary_large_image","twitter_misc":{"Tiempo de lectura":"2 minutos"},"schema":{"@context":"https:\/\/schema.org","@graph":[{"@type":"WebPage","@id":"https:\/\/www.albergominerva.it\/es\/la-contrada-del-dragon\/","url":"https:\/\/www.albergominerva.it\/es\/la-contrada-del-dragon\/","name":"La Contrada del Drag\u00f3n - Hotel Minerva Siena","isPartOf":{"@id":"https:\/\/www.albergominerva.it\/es\/#website"},"primaryImageOfPage":{"@id":"https:\/\/www.albergominerva.it\/es\/la-contrada-del-dragon\/#primaryimage"},"image":{"@id":"https:\/\/www.albergominerva.it\/es\/la-contrada-del-dragon\/#primaryimage"},"thumbnailUrl":"https:\/\/www.albergominerva.it\/wp-content\/uploads\/2023\/08\/drago.jpg","datePublished":"2023-08-20T08:18:22+00:00","dateModified":"2023-08-20T08:18:23+00:00","breadcrumb":{"@id":"https:\/\/www.albergominerva.it\/es\/la-contrada-del-dragon\/#breadcrumb"},"inLanguage":"es","potentialAction":[{"@type":"ReadAction","target":["https:\/\/www.albergominerva.it\/es\/la-contrada-del-dragon\/"]}]},{"@type":"ImageObject","inLanguage":"es","@id":"https:\/\/www.albergominerva.it\/es\/la-contrada-del-dragon\/#primaryimage","url":"https:\/\/www.albergominerva.it\/wp-content\/uploads\/2023\/08\/drago.jpg","contentUrl":"https:\/\/www.albergominerva.it\/wp-content\/uploads\/2023\/08\/drago.jpg"},{"@type":"BreadcrumbList","@id":"https:\/\/www.albergominerva.it\/es\/la-contrada-del-dragon\/#breadcrumb","itemListElement":[{"@type":"ListItem","position":1,"name":"Home","item":"https:\/\/www.albergominerva.it\/es\/"},{"@type":"ListItem","position":2,"name":"La Contrada del Drag\u00f3n"}]},{"@type":"WebSite","@id":"https:\/\/www.albergominerva.it\/es\/#website","url":"https:\/\/www.albergominerva.it\/es\/","name":"Hotel Minerva Siena","description":"Hotel in Centro Storico a Siena - Toscana - Italy","potentialAction":[{"@type":"SearchAction","target":{"@type":"EntryPoint","urlTemplate":"https:\/\/www.albergominerva.it\/es\/?s={search_term_string}"},"query-input":{"@type":"PropertyValueSpecification","valueRequired":true,"valueName":"search_term_string"}}],"inLanguage":"es"}]}},"_links":{"self":[{"href":"https:\/\/www.albergominerva.it\/es\/wp-json\/wp\/v2\/pages\/11280","targetHints":{"allow":["GET"]}}],"collection":[{"href":"https:\/\/www.albergominerva.it\/es\/wp-json\/wp\/v2\/pages"}],"about":[{"href":"https:\/\/www.albergominerva.it\/es\/wp-json\/wp\/v2\/types\/page"}],"author":[{"embeddable":true,"href":"https:\/\/www.albergominerva.it\/es\/wp-json\/wp\/v2\/users\/3"}],"replies":[{"embeddable":true,"href":"https:\/\/www.albergominerva.it\/es\/wp-json\/wp\/v2\/comments?post=11280"}],"version-history":[{"count":1,"href":"https:\/\/www.albergominerva.it\/es\/wp-json\/wp\/v2\/pages\/11280\/revisions"}],"predecessor-version":[{"id":11281,"href":"https:\/\/www.albergominerva.it\/es\/wp-json\/wp\/v2\/pages\/11280\/revisions\/11281"}],"wp:attachment":[{"href":"https:\/\/www.albergominerva.it\/es\/wp-json\/wp\/v2\/media?parent=11280"}],"curies":[{"name":"wp","href":"https:\/\/api.w.org\/{rel}","templated":true}]}}

La Contrada del Dragón

<p>La Contrada del Dragón es una de las diecisiete contradas de Siena, ubicada en el Terzo di Camollia. Su emblema es un dragón coronado a la antigua, con alas desplegadas, sosteniendo en su garra derecha un estandarte azul con la letra U en dorado, coronado por una corona real (Umberto I de Italia). Sus colores son rosa antiguo y verde, rayados de amarillo. El lema de la contrada es «El corazón que arde en mí se convierte en llama en mi boca».</p>



<figure class="wp-block-image size-full"><img loading="lazy" decoding="async" width="696" height="699" src="https://www.albergominerva.it/wp-content/uploads/2023/08/drago.jpg" alt="" class="wp-image-11052" srcset="https://www.albergominerva.it/wp-content/uploads/2023/08/drago.jpg 696w, https://www.albergominerva.it/wp-content/uploads/2023/08/drago-300x300.jpg 300w, https://www.albergominerva.it/wp-content/uploads/2023/08/drago-150x150.jpg 150w" sizes="auto, (max-width: 696px) 100vw, 696px" /></figure>



<p>La contrada ostenta el título de «Dragón» por haber sido sede de la primera reunión del Magistrato delle Contrade. Su Terzo de pertenencia es Camollia. Las compañías militares asociadas a la contrada son San Donato ai Montanini y Sant&#8217;Egidio. La contrada aliada del dragón es Águila. El patrón de la contrada es Santa Catalina de Siena, y la celebración titular se lleva a cabo el último domingo de mayo. La corporación de la contrada es la de los banqueros.</p>



<p>La Contrada del Dragón es una de las contradas más antiguas de Siena, con una historia larga y rica. La contrada es profundamente valorada por sus contradaioli (miembros de la contrada), que siempre están listos para apoyarla en sus carreras en el Palio.</p>

<p>La Contrada del Dragón es una de las diecisiete contradas de Siena, ubicada en el Terzo di Camollia. Su emblema</p>

<!-- This site is optimized with the Yoast SEO plugin v27.4 - https://yoast.com/product/yoast-seo-wordpress/ -->
<title>La Contrada del Dragón - Hotel Minerva Siena</title>
<meta name="robots" content="index, follow, max-snippet:-1, max-image-preview:large, max-video-preview:-1" />
<link rel="canonical" href="https://www.albergominerva.it/es/la-contrada-del-dragon/" />
<meta property="og:locale" content="es_ES" />
<meta property="og:type" content="article" />
<meta property="og:title" content="La Contrada del Dragón - Hotel Minerva Siena" />
<meta property="og:description" content="La Contrada del Dragón es una de las diecisiete contradas de Siena, ubicada en el Terzo di Camollia. Su emblema" />
<meta property="og:url" content="https://www.albergominerva.it/es/la-contrada-del-dragon/" />
<meta property="og:site_name" content="Hotel Minerva Siena" />
<meta property="article:modified_time" content="2023-08-20T08:18:23+00:00" />
<meta property="og:image" content="https://www.albergominerva.it/wp-content/uploads/2023/08/drago.jpg" />
<meta name="twitter:card" content="summary_large_image" />
<meta name="twitter:label1" content="Tiempo de lectura" />
	<meta name="twitter:data1" content="2 minutos" />
<script type="application/ld+json" class="yoast-schema-graph">{"@context":"https:\/\/schema.org","@graph":[{"@type":"WebPage","@id":"https:\/\/www.albergominerva.it\/es\/la-contrada-del-dragon\/","url":"https:\/\/www.albergominerva.it\/es\/la-contrada-del-dragon\/","name":"La Contrada del Dragón - Hotel Minerva Siena","isPartOf":{"@id":"https:\/\/www.albergominerva.it\/es\/#website"},"primaryImageOfPage":{"@id":"https:\/\/www.albergominerva.it\/es\/la-contrada-del-dragon\/#primaryimage"},"image":{"@id":"https:\/\/www.albergominerva.it\/es\/la-contrada-del-dragon\/#primaryimage"},"thumbnailUrl":"https:\/\/www.albergominerva.it\/wp-content\/uploads\/2023\/08\/drago.jpg","datePublished":"2023-08-20T08:18:22+00:00","dateModified":"2023-08-20T08:18:23+00:00","breadcrumb":{"@id":"https:\/\/www.albergominerva.it\/es\/la-contrada-del-dragon\/#breadcrumb"},"inLanguage":"es","potentialAction":[{"@type":"ReadAction","target":["https:\/\/www.albergominerva.it\/es\/la-contrada-del-dragon\/"]}]},{"@type":"ImageObject","inLanguage":"es","@id":"https:\/\/www.albergominerva.it\/es\/la-contrada-del-dragon\/#primaryimage","url":"https:\/\/www.albergominerva.it\/wp-content\/uploads\/2023\/08\/drago.jpg","contentUrl":"https:\/\/www.albergominerva.it\/wp-content\/uploads\/2023\/08\/drago.jpg"},{"@type":"BreadcrumbList","@id":"https:\/\/www.albergominerva.it\/es\/la-contrada-del-dragon\/#breadcrumb","itemListElement":[{"@type":"ListItem","position":1,"name":"Home","item":"https:\/\/www.albergominerva.it\/es\/"},{"@type":"ListItem","position":2,"name":"La Contrada del Dragón"}]},{"@type":"WebSite","@id":"https:\/\/www.albergominerva.it\/es\/#website","url":"https:\/\/www.albergominerva.it\/es\/","name":"Hotel Minerva Siena","description":"Hotel in Centro Storico a Siena - Toscana - Italy","potentialAction":[{"@type":"SearchAction","target":{"@type":"EntryPoint","urlTemplate":"https:\/\/www.albergominerva.it\/es\/?s={search_term_string}"},"query-input":{"@type":"PropertyValueSpecification","valueRequired":true,"valueName":"search_term_string"}}],"inLanguage":"es"}]}</script>
<!-- / Yoast SEO plugin. -->

La Contrada del Dragón - Hotel Minerva Siena

La Contrada del Dragón es una de las diecisiete contradas de Siena, ubicada en el Terzo di Camollia. Su emblema
