{"id":3028,"date":"2019-03-17T22:06:10","date_gmt":"2019-03-17T22:06:10","guid":{"rendered":"https:\/\/albergominerva.it\/fr\/?page_id=3028"},"modified":"2019-07-01T18:01:27","modified_gmt":"2019-07-01T16:01:27","slug":"porta-ovile-a-sienne","status":"publish","type":"page","link":"https:\/\/www.albergominerva.it\/fr\/porta-ovile-a-sienne\/","title":{"rendered":"Porta Ovile \u00e0 Sienne"},"content":{"rendered":"<h2>Porta Ovile<\/h2>\n<p><strong> La porte Ovile \u00e0 Sienne est l\u2019une des portes de la ville <\/strong> et pr\u00e9sente une antemurale cr\u00e9nel\u00e9e dans laquelle on peut voir une fresque de Sano di Pietro: <strong> la Vierge \u00e0 l\u2019enfant <\/strong>.<\/p>\n<p><strong> Porta Ovile est situ\u00e9e entre Via di Vallerozzi et Via Simone Martini <\/strong>. Elle est mentionn\u00e9e pour la premi\u00e8re fois en 1220 en cette ann\u00e9e-l\u00e0, la municipalit\u00e9 ach\u00e8te 40 boisseaux de terrain pour la fabrication du Carbonaie \u00e0 Porta Ovile (citation Macchi).<\/p>\n<p><strong> En 1250, la porte appara\u00eet dans les livres de Biccherna <\/strong>, \u00e9galement appel\u00e9e \u00ab\u00a0Porta del Gregge\u00a0\u00bb. L&rsquo;ann\u00e9e suivante, 1251 est renforc\u00e9e conform\u00e9ment aux diktats du Conseil de la Cloche dans l&rsquo;attente d&rsquo;une \u00e9ventuelle attaque de Florence.<\/p>\n<p><strong> La Porta a \u00e9t\u00e9 mur\u00e9e avec Fontebranda le 1er novembre 1554 <\/strong> pour \u00eatre mieux utilis\u00e9e par les soldats pendant le si\u00e8ge de Sienne et a \u00e9t\u00e9 bombard\u00e9e l&rsquo;ann\u00e9e suivante.<\/p>\n<p>En 1798, il fut alors fortement endommag\u00e9 par le tremblement de terre et par tout le district d&rsquo;Ovile.<\/p>\n<p>Porta Ovile est facilement accessible depuis le centre de Sienne ainsi que vers toutes les attractions principales de la ville.<\/p>\n<p>Si vous souhaitez admirer des monuments, des b\u00e2timents historiques et tous les mus\u00e9es du centre historique, vous devez r\u00e9server <strong> notre h\u00f4tel dans le centre de Sienne avec parking: H\u00f4tel Minerva <\/strong>.<\/p>\n<p>L&rsquo;h\u00f4tel Minerva est un h\u00f4tel trois \u00e9toiles situ\u00e9 au centre de Sienne avec garage payant. Il propose de nombreuses chambres avec vue panoramique.<\/p>\n<p>Pour le savoir, faites d\u00e9filer le site, puis r\u00e9servez.<\/p>\n<p><strong> Si vous r\u00e9servez directement sur notre site, vous b\u00e9n\u00e9ficierez toujours du meilleur prix garanti. <\/strong><\/p>\n","protected":false},"excerpt":{"rendered":"<p>Porta Ovile La porte Ovile \u00e0 Sienne est l\u2019une des portes de la ville et pr\u00e9sente une antemurale cr\u00e9nel\u00e9e dans<\/p>\n","protected":false},"author":3,"featured_media":0,"parent":0,"menu_order":0,"comment_status":"closed","ping_status":"closed","template":"","meta":{"_acf_changed":false,"footnotes":""},"class_list":["post-3028","page","type-page","status-publish","hentry"],"acf":[],"yoast_head":"<!-- This site is optimized with the Yoast SEO plugin v27.4 - https:\/\/yoast.com\/product\/yoast-seo-wordpress\/ -->\n<title>Porta Ovile \u00e0 Sienne - Hotel Minerva Siena<\/title>\n<meta name=\"robots\" content=\"index, follow, max-snippet:-1, max-image-preview:large, max-video-preview:-1\" \/>\n<link rel=\"canonical\" href=\"https:\/\/www.albergominerva.it\/fr\/porta-ovile-a-sienne\/\" \/>\n<meta property=\"og:locale\" content=\"fr_FR\" \/>\n<meta property=\"og:type\" content=\"article\" \/>\n<meta property=\"og:title\" content=\"Porta Ovile \u00e0 Sienne - Hotel Minerva Siena\" \/>\n<meta property=\"og:description\" content=\"Porta Ovile La porte Ovile \u00e0 Sienne est l\u2019une des portes de la ville et pr\u00e9sente une antemurale cr\u00e9nel\u00e9e dans\" \/>\n<meta property=\"og:url\" content=\"https:\/\/www.albergominerva.it\/fr\/porta-ovile-a-sienne\/\" \/>\n<meta property=\"og:site_name\" content=\"Hotel Minerva Siena\" \/>\n<meta property=\"article:modified_time\" content=\"2019-07-01T16:01:27+00:00\" \/>\n<meta name=\"twitter:card\" content=\"summary_large_image\" \/>\n<meta name=\"twitter:label1\" content=\"Dur\u00e9e de lecture estim\u00e9e\" \/>\n\t<meta name=\"twitter:data1\" content=\"1 minute\" \/>\n<script type=\"application\/ld+json\" class=\"yoast-schema-graph\">{\"@context\":\"https:\\\/\\\/schema.org\",\"@graph\":[{\"@type\":\"WebPage\",\"@id\":\"https:\\\/\\\/www.albergominerva.it\\\/fr\\\/porta-ovile-a-sienne\\\/\",\"url\":\"https:\\\/\\\/www.albergominerva.it\\\/fr\\\/porta-ovile-a-sienne\\\/\",\"name\":\"Porta Ovile \u00e0 Sienne - Hotel Minerva Siena\",\"isPartOf\":{\"@id\":\"https:\\\/\\\/www.albergominerva.it\\\/fr\\\/#website\"},\"datePublished\":\"2019-03-17T22:06:10+00:00\",\"dateModified\":\"2019-07-01T16:01:27+00:00\",\"breadcrumb\":{\"@id\":\"https:\\\/\\\/www.albergominerva.it\\\/fr\\\/porta-ovile-a-sienne\\\/#breadcrumb\"},\"inLanguage\":\"fr-FR\",\"potentialAction\":[{\"@type\":\"ReadAction\",\"target\":[\"https:\\\/\\\/www.albergominerva.it\\\/fr\\\/porta-ovile-a-sienne\\\/\"]}]},{\"@type\":\"BreadcrumbList\",\"@id\":\"https:\\\/\\\/www.albergominerva.it\\\/fr\\\/porta-ovile-a-sienne\\\/#breadcrumb\",\"itemListElement\":[{\"@type\":\"ListItem\",\"position\":1,\"name\":\"Home\",\"item\":\"https:\\\/\\\/www.albergominerva.it\\\/fr\\\/\"},{\"@type\":\"ListItem\",\"position\":2,\"name\":\"Porta Ovile \u00e0 Sienne\"}]},{\"@type\":\"WebSite\",\"@id\":\"https:\\\/\\\/www.albergominerva.it\\\/fr\\\/#website\",\"url\":\"https:\\\/\\\/www.albergominerva.it\\\/fr\\\/\",\"name\":\"Hotel Minerva Siena\",\"description\":\"Hotel in Centro Storico a Siena - Toscana - Italy\",\"potentialAction\":[{\"@type\":\"SearchAction\",\"target\":{\"@type\":\"EntryPoint\",\"urlTemplate\":\"https:\\\/\\\/www.albergominerva.it\\\/fr\\\/?s={search_term_string}\"},\"query-input\":{\"@type\":\"PropertyValueSpecification\",\"valueRequired\":true,\"valueName\":\"search_term_string\"}}],\"inLanguage\":\"fr-FR\"}]}<\/script>\n<!-- \/ Yoast SEO plugin. -->","yoast_head_json":{"title":"Porta Ovile \u00e0 Sienne - Hotel Minerva Siena","robots":{"index":"index","follow":"follow","max-snippet":"max-snippet:-1","max-image-preview":"max-image-preview:large","max-video-preview":"max-video-preview:-1"},"canonical":"https:\/\/www.albergominerva.it\/fr\/porta-ovile-a-sienne\/","og_locale":"fr_FR","og_type":"article","og_title":"Porta Ovile \u00e0 Sienne - Hotel Minerva Siena","og_description":"Porta Ovile La porte Ovile \u00e0 Sienne est l\u2019une des portes de la ville et pr\u00e9sente une antemurale cr\u00e9nel\u00e9e dans","og_url":"https:\/\/www.albergominerva.it\/fr\/porta-ovile-a-sienne\/","og_site_name":"Hotel Minerva Siena","article_modified_time":"2019-07-01T16:01:27+00:00","twitter_card":"summary_large_image","twitter_misc":{"Dur\u00e9e de lecture estim\u00e9e":"1 minute"},"schema":{"@context":"https:\/\/schema.org","@graph":[{"@type":"WebPage","@id":"https:\/\/www.albergominerva.it\/fr\/porta-ovile-a-sienne\/","url":"https:\/\/www.albergominerva.it\/fr\/porta-ovile-a-sienne\/","name":"Porta Ovile \u00e0 Sienne - Hotel Minerva Siena","isPartOf":{"@id":"https:\/\/www.albergominerva.it\/fr\/#website"},"datePublished":"2019-03-17T22:06:10+00:00","dateModified":"2019-07-01T16:01:27+00:00","breadcrumb":{"@id":"https:\/\/www.albergominerva.it\/fr\/porta-ovile-a-sienne\/#breadcrumb"},"inLanguage":"fr-FR","potentialAction":[{"@type":"ReadAction","target":["https:\/\/www.albergominerva.it\/fr\/porta-ovile-a-sienne\/"]}]},{"@type":"BreadcrumbList","@id":"https:\/\/www.albergominerva.it\/fr\/porta-ovile-a-sienne\/#breadcrumb","itemListElement":[{"@type":"ListItem","position":1,"name":"Home","item":"https:\/\/www.albergominerva.it\/fr\/"},{"@type":"ListItem","position":2,"name":"Porta Ovile \u00e0 Sienne"}]},{"@type":"WebSite","@id":"https:\/\/www.albergominerva.it\/fr\/#website","url":"https:\/\/www.albergominerva.it\/fr\/","name":"Hotel Minerva Siena","description":"Hotel in Centro Storico a Siena - Toscana - Italy","potentialAction":[{"@type":"SearchAction","target":{"@type":"EntryPoint","urlTemplate":"https:\/\/www.albergominerva.it\/fr\/?s={search_term_string}"},"query-input":{"@type":"PropertyValueSpecification","valueRequired":true,"valueName":"search_term_string"}}],"inLanguage":"fr-FR"}]}},"_links":{"self":[{"href":"https:\/\/www.albergominerva.it\/fr\/wp-json\/wp\/v2\/pages\/3028","targetHints":{"allow":["GET"]}}],"collection":[{"href":"https:\/\/www.albergominerva.it\/fr\/wp-json\/wp\/v2\/pages"}],"about":[{"href":"https:\/\/www.albergominerva.it\/fr\/wp-json\/wp\/v2\/types\/page"}],"author":[{"embeddable":true,"href":"https:\/\/www.albergominerva.it\/fr\/wp-json\/wp\/v2\/users\/3"}],"replies":[{"embeddable":true,"href":"https:\/\/www.albergominerva.it\/fr\/wp-json\/wp\/v2\/comments?post=3028"}],"version-history":[{"count":2,"href":"https:\/\/www.albergominerva.it\/fr\/wp-json\/wp\/v2\/pages\/3028\/revisions"}],"predecessor-version":[{"id":3509,"href":"https:\/\/www.albergominerva.it\/fr\/wp-json\/wp\/v2\/pages\/3028\/revisions\/3509"}],"wp:attachment":[{"href":"https:\/\/www.albergominerva.it\/fr\/wp-json\/wp\/v2\/media?parent=3028"}],"curies":[{"name":"wp","href":"https:\/\/api.w.org\/{rel}","templated":true}]}}

Porta Ovile à Sienne

<h2>Porta Ovile</h2>
<p><strong> La porte Ovile à Sienne est l’une des portes de la ville </strong> et présente une antemurale crénelée dans laquelle on peut voir une fresque de Sano di Pietro: <strong> la Vierge à l’enfant </strong>.</p>
<p><strong> Porta Ovile est située entre Via di Vallerozzi et Via Simone Martini </strong>. Elle est mentionnée pour la première fois en 1220 en cette année-là, la municipalité achète 40 boisseaux de terrain pour la fabrication du Carbonaie à Porta Ovile (citation Macchi).</p>
<p><strong> En 1250, la porte apparaît dans les livres de Biccherna </strong>, également appelée « Porta del Gregge ». L&rsquo;année suivante, 1251 est renforcée conformément aux diktats du Conseil de la Cloche dans l&rsquo;attente d&rsquo;une éventuelle attaque de Florence.</p>
<p><strong> La Porta a été murée avec Fontebranda le 1er novembre 1554 </strong> pour être mieux utilisée par les soldats pendant le siège de Sienne et a été bombardée l&rsquo;année suivante.</p>
<p>En 1798, il fut alors fortement endommagé par le tremblement de terre et par tout le district d&rsquo;Ovile.</p>
<p>Porta Ovile est facilement accessible depuis le centre de Sienne ainsi que vers toutes les attractions principales de la ville.</p>
<p>Si vous souhaitez admirer des monuments, des bâtiments historiques et tous les musées du centre historique, vous devez réserver <strong> notre hôtel dans le centre de Sienne avec parking: Hôtel Minerva </strong>.</p>
<p>L&rsquo;hôtel Minerva est un hôtel trois étoiles situé au centre de Sienne avec garage payant. Il propose de nombreuses chambres avec vue panoramique.</p>
<p>Pour le savoir, faites défiler le site, puis réservez.</p>
<p><strong> Si vous réservez directement sur notre site, vous bénéficierez toujours du meilleur prix garanti. </strong></p>

<p>Porta Ovile La porte Ovile à Sienne est l’une des portes de la ville et présente une antemurale crénelée dans</p>

<!-- This site is optimized with the Yoast SEO plugin v27.4 - https://yoast.com/product/yoast-seo-wordpress/ -->
<title>Porta Ovile à Sienne - Hotel Minerva Siena</title>
<meta name="robots" content="index, follow, max-snippet:-1, max-image-preview:large, max-video-preview:-1" />
<link rel="canonical" href="https://www.albergominerva.it/fr/porta-ovile-a-sienne/" />
<meta property="og:locale" content="fr_FR" />
<meta property="og:type" content="article" />
<meta property="og:title" content="Porta Ovile à Sienne - Hotel Minerva Siena" />
<meta property="og:description" content="Porta Ovile La porte Ovile à Sienne est l’une des portes de la ville et présente une antemurale crénelée dans" />
<meta property="og:url" content="https://www.albergominerva.it/fr/porta-ovile-a-sienne/" />
<meta property="og:site_name" content="Hotel Minerva Siena" />
<meta property="article:modified_time" content="2019-07-01T16:01:27+00:00" />
<meta name="twitter:card" content="summary_large_image" />
<meta name="twitter:label1" content="Durée de lecture estimée" />
	<meta name="twitter:data1" content="1 minute" />
<script type="application/ld+json" class="yoast-schema-graph">{"@context":"https:\/\/schema.org","@graph":[{"@type":"WebPage","@id":"https:\/\/www.albergominerva.it\/fr\/porta-ovile-a-sienne\/","url":"https:\/\/www.albergominerva.it\/fr\/porta-ovile-a-sienne\/","name":"Porta Ovile à Sienne - Hotel Minerva Siena","isPartOf":{"@id":"https:\/\/www.albergominerva.it\/fr\/#website"},"datePublished":"2019-03-17T22:06:10+00:00","dateModified":"2019-07-01T16:01:27+00:00","breadcrumb":{"@id":"https:\/\/www.albergominerva.it\/fr\/porta-ovile-a-sienne\/#breadcrumb"},"inLanguage":"fr-FR","potentialAction":[{"@type":"ReadAction","target":["https:\/\/www.albergominerva.it\/fr\/porta-ovile-a-sienne\/"]}]},{"@type":"BreadcrumbList","@id":"https:\/\/www.albergominerva.it\/fr\/porta-ovile-a-sienne\/#breadcrumb","itemListElement":[{"@type":"ListItem","position":1,"name":"Home","item":"https:\/\/www.albergominerva.it\/fr\/"},{"@type":"ListItem","position":2,"name":"Porta Ovile à Sienne"}]},{"@type":"WebSite","@id":"https:\/\/www.albergominerva.it\/fr\/#website","url":"https:\/\/www.albergominerva.it\/fr\/","name":"Hotel Minerva Siena","description":"Hotel in Centro Storico a Siena - Toscana - Italy","potentialAction":[{"@type":"SearchAction","target":{"@type":"EntryPoint","urlTemplate":"https:\/\/www.albergominerva.it\/fr\/?s={search_term_string}"},"query-input":{"@type":"PropertyValueSpecification","valueRequired":true,"valueName":"search_term_string"}}],"inLanguage":"fr-FR"}]}</script>
<!-- / Yoast SEO plugin. -->

Porta Ovile à Sienne - Hotel Minerva Siena

Porta Ovile La porte Ovile à Sienne est l’une des portes de la ville et présente une antemurale crénelée dans
